{"id":23363,"date":"2017-12-10T19:59:48","date_gmt":"2017-12-10T22:59:48","guid":{"rendered":"http:\/\/www.guiabutanta.com\/sobre\/?page_id=23363"},"modified":"2017-12-10T20:04:20","modified_gmt":"2017-12-10T23:04:20","slug":"subprefeitura-butanta","status":"publish","type":"page","link":"http:\/\/www.guiabutanta.com\/sobre\/subprefeitura-butanta\/","title":{"rendered":"Subprefeitura Butant\u00e3"},"content":{"rendered":"<p>O bairro do Butant\u00e3 pertence a\u00a0<strong>Subprefeitura do Butant\u00e3<\/strong>, que \u00e9 composta pelos bairros:\u00a0Butant\u00e3,\u00a0Morumbi,\u00a0Vila S\u00f4nia,\u00a0Raposo Tavares\u00a0e\u00a0Rio Pequeno, que somados representam uma \u00e1rea de 56,1 km\u00b2 que corresponde a 3,75% da \u00e1rea do munic\u00edpio de S\u00e3o Paulo,\u00a0habitada por pouco mais de 428 mil pessoas.\u00a0Com sua densidade demogr\u00e1fica de 7.633 Habitantes\/km\u00b2.<\/p>\n<p><img loading=\"lazy\" decoding=\"async\" class=\"alignleft wp-image-23365 size-full\" title=\"Subprefeitura Butant\u00e3\" src=\"http:\/\/www.guiabutanta.com\/sobre\/wp-content\/uploads\/2017\/12\/subprefeitura-butanta.jpg\" alt=\"Subprefeitura Butant\u00e3\" width=\"680\" height=\"189\" srcset=\"http:\/\/www.guiabutanta.com\/sobre\/wp-content\/uploads\/2017\/12\/subprefeitura-butanta.jpg 680w, http:\/\/www.guiabutanta.com\/sobre\/wp-content\/uploads\/2017\/12\/subprefeitura-butanta-300x83.jpg 300w\" sizes=\"auto, (max-width: 680px) 100vw, 680px\" \/><\/p>\n<p>&nbsp;<\/p>\n<p>&nbsp;<\/p>\n<p>&nbsp;<\/p>\n<p>&nbsp;<\/p>\n<p>&nbsp;<\/p>\n<p>&nbsp;<\/p>\n<p>O que faz uma Prefeitura Regional \u2013 Subprefeitura?<\/p>\n<p>Existem cidades, como S\u00e3o Paulo, que crescem em velocidades grandes demais para que se possa administrar de forma satisfat\u00f3ria, dado este fato, ocorre a descentraliza\u00e7\u00e3o do governo municipal para auxiliar no gerenciamento da cidade em quest\u00e3o, pois cada regi\u00e3o possui problemas espec\u00edficos.<\/p>\n<p>Sendo assim, s\u00e3o criadas diversas prefeituras regionais para o melhoramento das condi\u00e7\u00f5es locais daquela regi\u00e3o, como necessidades e reivindica\u00e7\u00f5es.<\/p>\n<p>Toda Prefeitura Regional tem um sub-prefeito eleito para promover a estabilidade da regi\u00e3o.<\/p>\n<p>Os sub-prefeitos devem: Executar as instru\u00e7\u00f5es de acordo com o Prefeito e a autoridade da C\u00e2mara Municipal; apresentar o balan\u00e7o do dinheiro arrecadado e dos servi\u00e7os que seu cargo implica; possui o poder de nomear ou demitir empregados distritais desde que seja regulamentado; reportar ao Prefeito medidas que devem ser tomadas para aquela determinada regi\u00e3o e apresentar o or\u00e7amento de tal medida.<\/p>\n<h3>Hor\u00e1rio de Funcionamento Prefeitura\u00a0 Butant\u00e3<\/h3>\n<ul>\n<li>Seg a Sex das 8h \u00e0s 18h<\/li>\n<li>Os hor\u00e1rios podem ser alterados sem aviso. Consulte o local para confirmar.<\/li>\n<\/ul>\n<h3>Endere\u00e7o e Telefone\u00a0Subprefeitura\u00a0Butant\u00e3<\/h3>\n<ul>\n<li>Rua Ulpiano da Costa Manso, 201, Vila S\u00f4nia\u00a0&#8211; S\u00e3o Paulo\u00a0&#8211; SP<\/li>\n<li>Telefone: (11) 3397-4600<\/li>\n<\/ul>\n<h4>Outras Informa\u00e7\u00f5es e Site<\/h4>\n<ul>\n<li>Mais informa\u00e7\u00f5es:\u00a0<a href=\"http:\/\/www.prefeitura.sp.gov.br\/\" target=\"_blank\" rel=\"noopener noreferrer\">www.prefeitura.sp.gov.br<\/a><\/li>\n<\/ul>\n<h4>Mapa de localiza\u00e7\u00e3o<\/h4>\n<a class=\"wp-colorbox-iframe\" href=\"https:\/\/www.google.com\/maps\/embed?pb=!1m18!1m12!1m3!1d3656.444643569011!2d-46.740293685021705!3d-23.5883812846695!2m3!1f0!2f0!3f0!3m2!1i1024!2i768!4f13.1!3m3!1m2!1s0x94ce5688a9142f490x66aeb48105ec8716!2sR.+Dr.+Ulpiano+da+Costa+Manso+201+-+Jardim+Peri+Peri+So+Paulo+-+SP!5e0!3m2!1spt-BR!2sbr!4v1512946717343\"><img decoding=\"async\" src=\"http:\/\/www.guiabutanta.com\/imgs\/maps-post.png\"><\/a>\n","protected":false},"excerpt":{"rendered":"<p>O bairro do Butant\u00e3 pertence a\u00a0Subprefeitura do Butant\u00e3, que \u00e9 composta pelos bairros:\u00a0Butant\u00e3,\u00a0Morumbi,\u00a0Vila S\u00f4nia,\u00a0Raposo Tavares\u00a0e\u00a0Rio Pequeno, que somados representam uma \u00e1rea de 56,1 km\u00b2 que corresponde a 3,75% da \u00e1rea do munic\u00edpio de S\u00e3o Paulo,\u00a0habitada por pouco mais de 428 mil pessoas.\u00a0Com sua densidade demogr\u00e1fica de 7.633 Habitantes\/km\u00b2. &nbsp; &nbsp; &nbsp; &nbsp; &nbsp; &nbsp; O que faz uma Prefeitura Regional \u2013 Subprefeitura? Existem cidades, como S\u00e3o Paulo, que crescem em velocidades grandes demais para que se possa administrar de forma satisfat\u00f3ria, dado este fato, ocorre a descentraliza\u00e7\u00e3o do governo municipal para auxiliar no gerenciamento da cidade em quest\u00e3o, pois cada <\/p>\n","protected":false},"author":1,"featured_media":0,"parent":0,"menu_order":0,"comment_status":"closed","ping_status":"closed","template":"","meta":{"footnotes":""},"class_list":["post-23363","page","type-page","status-publish","hentry"],"aioseo_notices":[],"_links":{"self":[{"href":"http:\/\/www.guiabutanta.com\/sobre\/wp-json\/wp\/v2\/pages\/23363","targetHints":{"allow":["GET"]}}],"collection":[{"href":"http:\/\/www.guiabutanta.com\/sobre\/wp-json\/wp\/v2\/pages"}],"about":[{"href":"http:\/\/www.guiabutanta.com\/sobre\/wp-json\/wp\/v2\/types\/page"}],"author":[{"embeddable":true,"href":"http:\/\/www.guiabutanta.com\/sobre\/wp-json\/wp\/v2\/users\/1"}],"replies":[{"embeddable":true,"href":"http:\/\/www.guiabutanta.com\/sobre\/wp-json\/wp\/v2\/comments?post=23363"}],"version-history":[{"count":0,"href":"http:\/\/www.guiabutanta.com\/sobre\/wp-json\/wp\/v2\/pages\/23363\/revisions"}],"wp:attachment":[{"href":"http:\/\/www.guiabutanta.com\/sobre\/wp-json\/wp\/v2\/media?parent=23363"}],"curies":[{"name":"wp","href":"https:\/\/api.w.org\/{rel}","templated":true}]}}