{"id":23474,"date":"2018-01-18T12:08:24","date_gmt":"2018-01-18T15:08:24","guid":{"rendered":"http:\/\/www.guiabutanta.com\/sobre\/?page_id=23474"},"modified":"2018-01-18T12:08:33","modified_gmt":"2018-01-18T15:08:33","slug":"cras-butanta","status":"publish","type":"page","link":"http:\/\/www.guiabutanta.com\/sobre\/cras-butanta\/","title":{"rendered":"CRAS Butant\u00e3"},"content":{"rendered":"<p><strong>Centro de Refer\u00eancia de Assist\u00eancia Social \u2013 CRAS Butant\u00e3<\/strong>, \u00e9 uma unidade estatal de base territorial, localizada em \u00e1reas de vulnerabilidade social.<\/p>\n<p>Executa servi\u00e7os de prote\u00e7\u00e3o b\u00e1sica, organiza e coordena a rede de servi\u00e7os socioassist\u00eanciais.<\/p>\n<p><img loading=\"lazy\" decoding=\"async\" class=\"alignleft wp-image-23475 size-full\" title=\"Cras Butant\u00e3\" src=\"http:\/\/www.guiabutanta.com\/sobre\/wp-content\/uploads\/2018\/01\/cras-butanta.gif\" alt=\"Cras Butant\u00e3\" width=\"680\" height=\"189\" \/><\/p>\n<p>&nbsp;<\/p>\n<p>&nbsp;<\/p>\n<p>&nbsp;<\/p>\n<p>&nbsp;<\/p>\n<p>&nbsp;<\/p>\n<p>&nbsp;<\/p>\n<p><strong>Objetivo Geral:<\/strong>\u00a0Prevenir a ocorr\u00eancia de situa\u00e7\u00f5es de vulnerabilidade e risco social nos territ\u00f3rios, por meio do desenvolvimento de potencialidades e de aquisi\u00e7\u00f5es, do fortalecimento de v\u00ednculos familiares e comunit\u00e1rios e da amplia\u00e7\u00e3o do acesso aos direitos de cidadania.<\/p>\n<h2><strong>O que \u00e9 o Centro de Refer\u00eancia da Assist\u00eancia Social \u2013 CRAS BUTANT\u00c3?<\/strong><\/h2>\n<p>O\u00a0<em>Centro de Refer\u00eancia de Assist\u00eancia Social (Cras)<\/em>\u00a0\u00e9 o sistema governamental respons\u00e1vel pela organiza\u00e7\u00e3o e oferta de servi\u00e7os da\u00a0Prote\u00e7\u00e3o Social B\u00e1sica\u00a0nas \u00e1reas de vulnerabilidade e risco social. Por meio do Cras, as fam\u00edlias em situa\u00e7\u00e3o de extrema pobreza passam a ter acesso a servi\u00e7os como cadastramento e acompanhamento em programas de transfer\u00eancia de renda. Identificam e estimulam as potencialidades locais, modificando a qualidade de vida das fam\u00edlias que vivem nas localidades.<\/p>\n<h3><strong>Servi\u00e7os e Documentos CRAS\u00a0Butant\u00e3<\/strong><\/h3>\n<p>O principal servi\u00e7o ofertado pelo\u00a0<strong>Cras<\/strong>\u00a0\u00e9 o\u00a0Servi\u00e7o de Prote\u00e7\u00e3o e Atendimento Integral \u00e0 Fam\u00edlia(Paif). Dentre os objetivos desse servi\u00e7o est\u00e3o a preven\u00e7\u00e3o da ruptura dos v\u00ednculos familiares e comunit\u00e1rios, a promo\u00e7\u00e3o de ganhos sociais e materiais das fam\u00edlias e o acesso a benef\u00edcios, programas de transfer\u00eancia de renda e servi\u00e7os socioassistenciais. As a\u00e7\u00f5es s\u00e3o todas implementadas por meio de trabalho de assist\u00eancia social. Para dar entrada no Bolsa Fam\u00edlia, primeiramente voc\u00ea precisa fazer o cadastro \u00fanico. Veja quais s\u00e3o os documentos que voc\u00ea deve levar ao\u00a0<em>CRAS<\/em>\u00a0para realizar o cadastro.<\/p>\n<p><strong>Representante da fam\u00edlia<\/strong><\/p>\n<ul>\n<li>CPF ou o T\u00edtulo de Eleitor<\/li>\n<li>Comprovante de resid\u00eancia (\u00e1gua ou luz); este documento n\u00e3o \u00e9 obrigat\u00f3rio, mas facilita o preenchimento do cadastro.<\/li>\n<\/ul>\n<p>De prefer\u00eancia mulher, a representante da fam\u00edlia ser\u00e1 a pessoa respons\u00e1vel por responder \u00e0s perguntas feitas pela equipe do\u00a0<em>CRAS<\/em>\u00a0para a realiza\u00e7\u00e3o do cadastro. Ela deve ter pelo menos 16 anos, fazer parte da fam\u00edlia e morar na mesma casa dos outros membros da fam\u00edlia.<\/p>\n<h3>Hor\u00e1rio de Atendimento CRAS em\u00a0Butant\u00e3<\/h3>\n<ul>\n<li>Segunda a s\u00e1bado: das 8h \u00e0s 18h<\/li>\n<\/ul>\n<h3>Endere\u00e7o e Telefone CRAS em\u00a0Butant\u00e3<\/h3>\n<ul>\n<li>Av. Junta Mizumoto, 591 &#8211; Jardim Peri Peri\u00a0&#8211; S\u00e3o Paulo &#8211; SP<\/li>\n<li>Telefone: (11)<a class=\"fl r-iOOQyCWAscaY\" title=\"Ligar pelo Hangouts\" data-number=\"+551130615936\" data-pstn-out-call-url=\"\" data-rtid=\"iOOQyCWAscaY\" data-ved=\"0ahUKEwjGkMbh2fLTAhXLh5AKHRWbAB8QkAgImwEoADAQ\">\u00a03742-7544<\/a><\/li>\n<\/ul>\n<h4>Outras informa\u00e7\u00f5es:<\/h4>\n<ul>\n<li>Veja mais unidades\u00a0<a href=\"https:\/\/www.encontrasaopaulo.com.br\/unidades-cras-sp\/\" target=\"_blank\" rel=\"noopener noreferrer\">CRAS em S\u00e3o Paulo<\/a><\/li>\n<\/ul>\n<h3>Mapa de localiza\u00e7\u00e3o:<\/h3>\n<a class=\"wp-colorbox-iframe\" href=\"https:\/\/www.google.com\/maps\/embed?pb=!1m14!1m8!1m3!1d14625.672224450558!2d-46.7378059!3d-23.5893354!3m2!1i1024!2i768!4f13.1!3m3!1m2!1s0x00x3f10940b1866867c!2sCRAS+Butant+-+Centro+de+Referncia+de+Assistncia+Social!5e0!3m2!1spt-BR!2sbr!4v1516287834515\"><img decoding=\"async\" src=\"http:\/\/www.guiabutanta.com\/imgs\/maps-post.png\"><\/a>\n","protected":false},"excerpt":{"rendered":"<p>Centro de Refer\u00eancia de Assist\u00eancia Social \u2013 CRAS Butant\u00e3, \u00e9 uma unidade estatal de base territorial, localizada em \u00e1reas de vulnerabilidade social. Executa servi\u00e7os de prote\u00e7\u00e3o b\u00e1sica, organiza e coordena a rede de servi\u00e7os socioassist\u00eanciais. &nbsp; &nbsp; &nbsp; &nbsp; &nbsp; &nbsp; Objetivo Geral:\u00a0Prevenir a ocorr\u00eancia de situa\u00e7\u00f5es de vulnerabilidade e risco social nos territ\u00f3rios, por meio do desenvolvimento de potencialidades e de aquisi\u00e7\u00f5es, do fortalecimento de v\u00ednculos familiares e comunit\u00e1rios e da amplia\u00e7\u00e3o do acesso aos direitos de cidadania. O que \u00e9 o Centro de Refer\u00eancia da Assist\u00eancia Social \u2013 CRAS BUTANT\u00c3? O\u00a0Centro de Refer\u00eancia de Assist\u00eancia Social (Cras)\u00a0\u00e9 o <\/p>\n","protected":false},"author":1,"featured_media":0,"parent":0,"menu_order":0,"comment_status":"closed","ping_status":"closed","template":"","meta":{"footnotes":""},"class_list":["post-23474","page","type-page","status-publish","hentry"],"aioseo_notices":[],"_links":{"self":[{"href":"http:\/\/www.guiabutanta.com\/sobre\/wp-json\/wp\/v2\/pages\/23474","targetHints":{"allow":["GET"]}}],"collection":[{"href":"http:\/\/www.guiabutanta.com\/sobre\/wp-json\/wp\/v2\/pages"}],"about":[{"href":"http:\/\/www.guiabutanta.com\/sobre\/wp-json\/wp\/v2\/types\/page"}],"author":[{"embeddable":true,"href":"http:\/\/www.guiabutanta.com\/sobre\/wp-json\/wp\/v2\/users\/1"}],"replies":[{"embeddable":true,"href":"http:\/\/www.guiabutanta.com\/sobre\/wp-json\/wp\/v2\/comments?post=23474"}],"version-history":[{"count":0,"href":"http:\/\/www.guiabutanta.com\/sobre\/wp-json\/wp\/v2\/pages\/23474\/revisions"}],"wp:attachment":[{"href":"http:\/\/www.guiabutanta.com\/sobre\/wp-json\/wp\/v2\/media?parent=23474"}],"curies":[{"name":"wp","href":"https:\/\/api.w.org\/{rel}","templated":true}]}}