{"id":23512,"date":"2018-01-27T10:17:07","date_gmt":"2018-01-27T13:17:07","guid":{"rendered":"http:\/\/www.guiabutanta.com\/sobre\/?page_id=23512"},"modified":"2018-01-27T10:17:07","modified_gmt":"2018-01-27T13:17:07","slug":"cat-butanta","status":"publish","type":"page","link":"http:\/\/www.guiabutanta.com\/sobre\/cat-butanta\/","title":{"rendered":"Cat Butant\u00e3"},"content":{"rendered":"<p><strong>Centro de Apoio ao Trabalhador \u2013 CAT Butant\u00e3<\/strong>, \u00e9 fruto de uma parceria entre os \u00f3rg\u00e3os municipal e federal, e tem como objetivo proporcionar a popula\u00e7\u00e3o uma recoloca\u00e7\u00e3o profissional r\u00e1pida no mercado de trabalho e gera\u00e7\u00e3o de renda, al\u00e9m de facilitar todo o tr\u00e2mite para a retirada de documentos e benef\u00edcios ao trabalhador.<\/p>\n<p>O centro de apoio ao trabalhador tamb\u00e9m tem atendimento para quem busca recoloca\u00e7\u00e3o profissional no mercado de trabalho.<\/p>\n<p><img loading=\"lazy\" decoding=\"async\" class=\"alignleft wp-image-23511 size-full\" title=\"Cat Butant\u00e3\" src=\"http:\/\/www.guiabutanta.com\/sobre\/wp-content\/uploads\/2018\/01\/cat-butanta.gif\" alt=\"Cat Butant\u00e3\" width=\"680\" height=\"189\" \/><\/p>\n<h2><\/h2>\n<h2><\/h2>\n<h2><\/h2>\n<h2><\/h2>\n<h2>Cat\u00a0Butat\u00e3 Seguro Desemprego<\/h2>\n<p>Para receber o<em> Seguro Desemprego compare\u00e7a ao CAT com os seguintes documentos:<\/em><\/p>\n<ul>\n<li>Requerimento do Seguro-Desemprego SD\/CD (02 (duas) vias &#8211; verde e marrom)<\/li>\n<li>Cart\u00e3o do PIS, extrato atualizado ou Cart\u00e3o do Cidad\u00e3o;<\/li>\n<li>Carteira de Trabalho e Previd\u00eancia Social- CTPS (verificar todas que o requerente possuir)<\/li>\n<li>Termo de Rescis\u00e3o do Contrato de Trabalho &#8211; TRCT devidamente quitado<\/li>\n<li>Carteira de identidade, certid\u00e3o de nascimento, carteira nacional de habilita\u00e7\u00e3o (modelo novo), ou outro documento de Identifica\u00e7\u00e3o<\/li>\n<li>Documento de levantamento dos dep\u00f3sitos do FGTS (CPFGTS) ou extrato comprobat\u00f3rio dos dep\u00f3sitos ou relat\u00f3rio da fiscaliza\u00e7\u00e3o ou documento judicial (Certid\u00e3o das Comiss\u00f5es de Concilia\u00e7\u00e3o Pr\u00e9via \/ N\u00facleos Intersindicais \/ Senten\u00e7a \/ Certid\u00e3o da Justi\u00e7a).<\/li>\n<li>Comprovante de resid\u00eancia e de escolaridade.<\/li>\n<\/ul>\n<h3>Cat\u00a0Butant\u00e3 Empregos<\/h3>\n<p>O CAT conta com um canal de informa\u00e7\u00e3o para maiores detalhes das vagas de empregos dispon\u00edveis.\u00a0<em>As vagas de empregos cadastradas no sistema do CAT s\u00e3o atualizadas diariamente<\/em>. Para conferir as vagas dispon\u00edveis, acesse o site da SEMTRE.<\/p>\n<h3>Cat Butant\u00e3 Cadastro<\/h3>\n<p>O CAT Butant\u00e3\u00a0n\u00e3o trabalha com banco de curr\u00edculos.\u00a0<em>Para se candidatar \u00e0s vagas disponibilizadas no Posto, o trabalhador pode fazer o cadastro<\/em>:<\/p>\n<p>\u2022 Pela Internet (somente para quem j\u00e1 possui o n\u00ba do PIS)<br \/>\nBasta entrar no site e preencher todos os dados solicitados conforme o passo a passo no manual do candidato.<\/p>\n<p>\u2022 No pr\u00f3prio Cat, sendo necess\u00e1rio:<br \/>\nTer no m\u00ednimo 14 anos (Para 14 e 15 anos o cadastro ser\u00e1 somente para menor aprendiz);<br \/>\nComparecer pessoalmente ao CAT (Centro de Apoio ao Trabalhador) com Carteira de Trabalho, RG e CPF (originais).<\/p>\n<p>\u00c9 importante manter seus dados atualizados para a verifica\u00e7\u00e3o das vagas.<\/p>\n<h3>Hor\u00e1rio de Funcionamento Cat em Butant\u00e3<\/h3>\n<ul>\n<li>Segunda a Sexta das 08h \u00e0s 18h<\/li>\n<\/ul>\n<h3>Endere\u00e7o e Telefone Cat em Butant\u00e3<\/h3>\n<ul>\n<li>R. Dr. Ulpiano da Costa Manso, 201 &#8211; Jardim Peri Peri &#8211; S\u00e3o Paulo &#8211; SP<\/li>\n<li>Telefone: (11) 3621-3200<\/li>\n<\/ul>\n<h4>Outras informa\u00e7\u00f5es e site<\/h4>\n<ul>\n<li>Mais informa\u00e7\u00f5es:\u00a0<a href=\"http:\/\/www.guiabutanta.com\/obutanta\/cat-no-butanta.html\" target=\"_blank\" rel=\"noopener noreferrer\">www.guiabutanta.com\/obutanta\/cat-no-butanta.html<\/a><\/li>\n<li>E-mail: solicitacaodevagas@prefeitura.sp.gov.br.<\/li>\n<\/ul>\n<h4>Mapa de localiza\u00e7\u00e3o<\/h4>\n<a class=\"wp-colorbox-iframe\" href=\"https:\/\/www.google.com\/maps\/embed?pb=!1m14!1m8!1m3!1d14625.780590032437!2d-46.7381321!3d-23.5883632!3m2!1i1024!2i768!4f13.1!3m3!1m2!1s0x00x2de80f5e72899d69!2sPrefeitura+Regional+-+Butant!5e0!3m2!1spt-BR!2sbr!4v1517058938831\"><img decoding=\"async\" src=\"http:\/\/www.guiabutanta.com\/imgs\/maps-post.png\"><\/a>\n","protected":false},"excerpt":{"rendered":"<p>Centro de Apoio ao Trabalhador \u2013 CAT Butant\u00e3, \u00e9 fruto de uma parceria entre os \u00f3rg\u00e3os municipal e federal, e tem como objetivo proporcionar a popula\u00e7\u00e3o uma recoloca\u00e7\u00e3o profissional r\u00e1pida no mercado de trabalho e gera\u00e7\u00e3o de renda, al\u00e9m de facilitar todo o tr\u00e2mite para a retirada de documentos e benef\u00edcios ao trabalhador. O centro de apoio ao trabalhador tamb\u00e9m tem atendimento para quem busca recoloca\u00e7\u00e3o profissional no mercado de trabalho. Cat\u00a0Butat\u00e3 Seguro Desemprego Para receber o Seguro Desemprego compare\u00e7a ao CAT com os seguintes documentos: Requerimento do Seguro-Desemprego SD\/CD (02 (duas) vias &#8211; verde e marrom) Cart\u00e3o do PIS, <\/p>\n","protected":false},"author":1,"featured_media":0,"parent":0,"menu_order":0,"comment_status":"closed","ping_status":"closed","template":"","meta":{"footnotes":""},"class_list":["post-23512","page","type-page","status-publish","hentry"],"aioseo_notices":[],"_links":{"self":[{"href":"http:\/\/www.guiabutanta.com\/sobre\/wp-json\/wp\/v2\/pages\/23512","targetHints":{"allow":["GET"]}}],"collection":[{"href":"http:\/\/www.guiabutanta.com\/sobre\/wp-json\/wp\/v2\/pages"}],"about":[{"href":"http:\/\/www.guiabutanta.com\/sobre\/wp-json\/wp\/v2\/types\/page"}],"author":[{"embeddable":true,"href":"http:\/\/www.guiabutanta.com\/sobre\/wp-json\/wp\/v2\/users\/1"}],"replies":[{"embeddable":true,"href":"http:\/\/www.guiabutanta.com\/sobre\/wp-json\/wp\/v2\/comments?post=23512"}],"version-history":[{"count":0,"href":"http:\/\/www.guiabutanta.com\/sobre\/wp-json\/wp\/v2\/pages\/23512\/revisions"}],"wp:attachment":[{"href":"http:\/\/www.guiabutanta.com\/sobre\/wp-json\/wp\/v2\/media?parent=23512"}],"curies":[{"name":"wp","href":"https:\/\/api.w.org\/{rel}","templated":true}]}}